{"id":1007,"date":"2019-02-07T19:22:04","date_gmt":"2019-02-07T18:22:04","guid":{"rendered":"https:\/\/www.stift-duernstein.at\/privacy-statement\/"},"modified":"2020-02-27T11:34:16","modified_gmt":"2020-02-27T10:34:16","slug":"data-protection-statement","status":"publish","type":"page","link":"https:\/\/www.stift-duernstein.at\/en\/data-protection-statement\/","title":{"rendered":"Data protection statement"},"content":{"rendered":"<div class=\"wpb-content-wrapper\"><p>[vc_row unlock_row_content=&#8221;yes&#8221; row_height_percent=&#8221;0&#8243; back_image=&#8221;605&#8243; overlay_alpha=&#8221;50&#8243; gutter_size=&#8221;3&#8243; column_width_percent=&#8221;100&#8243; shift_y=&#8221;0&#8243; z_index=&#8221;0&#8243; row_height_pixel=&#8221;360&#8243; shape_dividers=&#8221;&#8221;][vc_column width=&#8221;1\/1&#8243;][\/vc_column][\/vc_row][vc_row unlock_row_content=&#8221;yes&#8221; row_height_percent=&#8221;0&#8243; overlay_alpha=&#8221;50&#8243; gutter_size=&#8221;3&#8243; column_width_percent=&#8221;100&#8243; shift_y=&#8221;0&#8243; z_index=&#8221;0&#8243; el_class=&#8221;bluebars&#8221;][vc_column column_width_percent=&#8221;100&#8243; overlay_alpha=&#8221;50&#8243; gutter_size=&#8221;3&#8243; medium_width=&#8221;0&#8243; mobile_width=&#8221;0&#8243; shift_x=&#8221;0&#8243; shift_y=&#8221;0&#8243; shift_y_down=&#8221;0&#8243; z_index=&#8221;0&#8243; width=&#8221;1\/1&#8243;][vc_custom_heading]Discovery of[\/vc_custom_heading][vc_custom_heading]the Precious[\/vc_custom_heading][\/vc_column][\/vc_row][vc_row row_height_percent=&#8221;0&#8243; override_padding=&#8221;yes&#8221; h_padding=&#8221;2&#8243; top_padding=&#8221;3&#8243; bottom_padding=&#8221;3&#8243; overlay_alpha=&#8221;50&#8243; gutter_size=&#8221;3&#8243; column_width_percent=&#8221;100&#8243; shift_y=&#8221;0&#8243; z_index=&#8221;0&#8243;][vc_column width=&#8221;2\/3&#8243;][vc_column_text]<\/p>\n<h1>Erkl\u00e4rung zur Informationspflicht (Datenschutzerkl\u00e4rung)<\/h1>\n<p>Der Schutz Ihrer pers\u00f6nlichen Daten ist uns ein besonderes Anliegen. Wir verarbeiten Ihre Daten daher ausschlie\u00dflich auf Grundlage der gesetzlichen Bestimmungen (Datenschutzgrundverordnung 2018, Telekommunikationsgesetz 2003). In dieser Datenschutzerkl\u00e4rung informieren wir Sie \u00fcber die wichtigsten Aspekte der Datenverarbeitung im Stift Herzogenburg. Das Stift D\u00fcrnstein geh\u00f6rt organisatorisch zum Stift Herzogenburg und ist diesem Betrieb eingegliedert.<\/p>\n<h4>Abgrenzung der Zust\u00e4ndigkeit<\/h4>\n<p>Die von den Mitbr\u00fcdern des Stiftes Herzogenburg betreuten Pfarren sind (einschlie\u00dflich der Stiftspfarre) eigenst\u00e4ndige Rechtspersonen, welche vom Stift unabh\u00e4ngig sind.\u00a0 Sie unterliegen dem Zust\u00e4ndigkeitsbereich der jeweiligen Di\u00f6zese (Di\u00f6zese St. P\u00f6lten \/ Erzdi\u00f6zese Wien) und den dort g\u00fcltigen Richtlinien zum Datenschutz.<\/p>\n<p>Die hier vorliegende Datenschutzerkl\u00e4rung betrifft daher ausschlie\u00dflich das Stift Herzogenburg in seinen seelsorgerischen, kulturellen und wirtschaftlichen T\u00e4tigkeiten.<\/p>\n<h4>Kontakt mit uns<\/h4>\n<p>Wenn Sie mit uns aus seelsorgerischen, kulturellen oder wirtschaftlichen Gr\u00fcnden Kontakt aufnehmen, speichern wir die Kontaktdaten, die Sie uns \u00fcberlassen, sofern sie zur Erf\u00fcllung des Zwecks der Kontaktaufnahme relevant sind. Ihre Angaben werden f\u00fcr den Fall von Anschlussfragen zw\u00f6lf Monate bei uns gespeichert.<\/p>\n<p>In Bezug auf unseren Newsletter gelten andere Bestimmungen, diese sind weiter unten aufgelistet. In keinem Fall aber geben wir Ihre Daten ohne Ihre Einwilligung weiter.<\/p>\n<p>Im Falle eines Gesch\u00e4ftskontaktes mit dem Stift Herzogenburg (Vermietung, Verpachtung, Errichtung von Vertragsverh\u00e4ltnissen, Verkauf, Kauf, dergleichen) werden s\u00e4mtliche Daten aus dem Vertragsverh\u00e4ltnis bis zum Ablauf der steuerrechtlichen Aufbewahrungsfrist (7 Jahre nach dem Gesch\u00e4ftskontakt bzw. 7 Jahre nach Ende des Vertragsverh\u00e4ltnisses) gespeichert.<\/p>\n<p>Die Datenverarbeitung erfolgt auf Basis der gesetzlichen Bestimmungen des \u00a7 96 Abs 3 TKG sowie des Art 6 Abs 1 lit a (Einwilligung) und\/oder f (berechtigtes Interesse) der DSGVO.<\/p>\n<h4>Cookies und Web-Analyse<\/h4>\n<p>Unsere Website verwendet so genannte Cookies. Dabei handelt es sich um kleine Textdateien, die mit Hilfe des Browsers auf Ihrem Endger\u00e4t abgelegt werden. Sie richten keinen Schaden an.<\/p>\n<p>Wir nutzen Cookies dazu, unser Angebot nutzerfreundlich zu gestalten. Einige Cookies bleiben auf Ihrem Endger\u00e4t gespeichert, bis Sie diese l\u00f6schen. Sie erm\u00f6glichen es uns, Ihren Browser beim n\u00e4chsten Besuch wiederzuerkennen.<\/p>\n<p>Unsere Website verwendet Funktionen des Webanalysedienstes Google Analytics von Google LCC, Mountain View, California, United States of America. Die Beziehung zum Webanalyseanbieter Google LLC basiert auf dem Abkommen \u201ePrivacy Shield\u201c 2006. Dazu werden Cookies verwendet, die eine Analyse der Benutzung der Website durch Ihre Benutzer erm\u00f6glicht. Die dadurch erzeugten Informationen werden auf den Server des Anbieters \u00fcbertragen und dort gespeichert.<\/p>\n<p>Sie k\u00f6nnen die Speicherung der Cookies durch eine entsprechende Einstellung Ihrer Browser-Software verhindern; wir weisen Sie jedoch darauf hin, dass Sie in diesem Fall gegebenenfalls nicht s\u00e4mtliche Funktionen dieser Website vollumf\u00e4nglich werden nutzen k\u00f6nnen. Sie k\u00f6nnen dar\u00fcber hinaus die Erfassung der durch das Cookie erzeugten und auf Ihre Nutzung der Website bezogenen Daten (inkl. Ihrer IP-Adresse) an Google sowie die Verarbeitung dieser Daten durch Google verhindern, indem Sie das unter dem folgenden Link (<a href=\"https:\/\/tools.google.com\/dlpage\/gaoptout?hl=de\" target=\"_blank\" rel=\"noopener noreferrer\">https:\/\/tools.google.com\/dlpage\/gaoptout?hl=de<\/a>) verf\u00fcgbare Browser-Plugin herunterladen und installieren. Alternativ k\u00f6nnen Sie die Verwendung von Google Analytics f\u00fcr diese Seite auf dem derzeit benutzten Endger\u00e4t deaktivieren, indem sie [google_analytics_optout]hier[\/google_analytics_optout] klicken.<\/p>\n<p>Wir haben mit dem Anbieter einen entsprechenden Vertrag zur Auftragsdatenverarbeitung abgeschlossen. N\u00e4here Informationen zu Nutzungsbedingungen und Datenschutz finden Sie unter <a href=\"https:\/\/www.google.com\/analytics\/terms\/de.html\" target=\"_blank\" rel=\"noopener noreferrer\">https:\/\/www.google.com\/analytics\/terms\/de.html<\/a> bzw. unter <a href=\"https:\/\/policies.google.com\/?hl=de\" target=\"_blank\" rel=\"noopener noreferrer\">https:\/\/policies.google.com\/?hl=de<\/a>.<\/p>\n<p>Ihre IP-Adresse wird erfasst, aber umgehend durch L\u00f6schung der letzten 8 Bit mit der Option \u201eanonymizeIP\u201c pseudonymisiert. Dadurch ist nur mehr eine grobe Lokalisierung m\u00f6glich. Im Regelfall wird Ihre IP-Adresse von Google innerhalb von Mitgliedstaaten der Europ\u00e4ischen Union oder in anderen Vertragsstaaten des Abkommens \u00fcber den Europ\u00e4ischen Wirtschaftsraum zuvor gek\u00fcrzt. Nur in Ausnahmef\u00e4llen wird die volle IP-Adresse an einen Server von Google in den USA \u00fcbertragen und dort gek\u00fcrzt. Die im Rahmen von Google Analytics von Ihrem Browser \u00fcbermittelte IP-Adresse wird nicht mit anderen Daten von Google zusammengef\u00fchrt.<\/p>\n<p>Die Datenverarbeitung erfolgt auf Basis der gesetzlichen Bestimmungen des \u00a7 96 Abs 3 TKG sowie des Art 6 Abs 1 lit a (Einwilligung) und\/oder f (berechtigtes Interesse) der DSGVO. Unser Anliegen im Sinne der DSGVO (berechtigtes Interesse) ist die Verbesserung unseres Angebotes und unseres Webauftritts. Die Nutzerdaten werden f\u00fcr die Dauer von 26 Monaten aufbewahrt.<\/p>\n<h4>Newsletter<\/h4>\n<p>Sie haben die M\u00f6glichkeit, \u00fcber unsere Website oder durch pers\u00f6nliches Hinterlassen der Mailadresse im Stift unseren Newsletter zu abonnieren. Hierf\u00fcr ben\u00f6tigen wir Ihre E-Mail-Adresse und ihre Erkl\u00e4rung, dass Sie mit dem Bezug des Newsletters einverstanden sind. Dazu speichern wir folgende Informationen: Name, Anrede, IP-Daten.<\/p>\n<p>Um Sie zielgerichtet mit Informationen zu versorgen, erheben und verarbeiten wir au\u00dferdem freiwillig gemachte Angaben zu Ihren Interessensgebieten.<\/p>\n<p>Sobald Sie sich f\u00fcr den Newsletter angemeldet haben, senden wir Ihnen ein Best\u00e4tigungs-E-Mail mit einem Link zur Best\u00e4tigung der Anmeldung.<\/p>\n<p>Zur technischen Umsetzung des Newsletter-Angebots erfolgt einer \u00dcbermittlung der Daten an den Newsletter-Anbieter mailchimp.com und basiert auf dem Abkommen \u201ePrivacy Shield\u201c 2006. N\u00e4here Informationen zu Nutzungsbedingungen und Datenschutz finden Sie unter <a href=\"https:\/\/mailchimp.com\/legal\/privacy\" target=\"_blank\" rel=\"noopener noreferrer\">https:\/\/mailchimp.com\/legal\/privacy<\/a>.<\/p>\n<p>Die Datenverarbeitung erfolgt auf Basis der gesetzlichen Bestimmungen des \u00a7 96 Abs 3 TKG sowie des Art 6 Abs 1 lit a (Einwilligung) der DSGVO.<\/p>\n<p>Das Abo des Newsletters k\u00f6nnen Sie jederzeit stornieren. Nutzen sie dazu die Opt-out-M\u00f6glichkeit am Ende jedes Newsletters oder senden Sie Ihre Stornierung bitte an folgende E-Mail-Adresse: <a href=\"ma&#105;&#108;&#116;&#x6f;&#x3a;&#x6e;&#x65;&#x77;sl&#101;&#116;&#116;&#x65;&#x72;&#x40;&#x73;&#x74;if&#116;&#45;&#104;&#x65;&#x72;&#x7a;&#x6f;&#x67;en&#98;&#117;&#114;&#x67;&#x2e;&#x61;&#x74;\" target=\"_blank\" rel=\"noopener noreferrer\">&#x6e;&#x65;&#x77;&#115;&#108;et&#x74;&#x65;&#x72;&#x40;&#115;&#116;if&#x74;&#x2d;&#x68;&#101;&#114;&#122;og&#x65;&#x6e;&#x62;&#117;&#114;g&#46;&#x61;&#x74;<\/a>. Wir l\u00f6schen anschlie\u00dfend umgehend Ihre Daten im Zusammenhang mit dem Newsletter-Versand.<\/p>\n<h4>Ihre Rechte<\/h4>\n<p>Ihnen stehen grunds\u00e4tzlich die Rechte auf Auskunft, Berichtigung, L\u00f6schung, Einschr\u00e4nkung, Daten\u00fcbertragbarkeit, Widerruf und Widerspruch zu. Wenn Sie der Auffassung sind, dass die Verarbeitung Ihrer Daten gegen das Datenschutzrecht verst\u00f6\u00dft oder Ihre datenschutzrechtlichen Anspr\u00fcche in sonst einer Weise verletzt worden sind, bitten wir Sie um Kontaktaufnahme. Sie k\u00f6nnen sich jedoch auch bei der Aufsichtsbeh\u00f6rde beschweren. In \u00d6sterreich ist dies die Datenschutzbeh\u00f6rde.<\/p>\n<p><strong>Der Einrichtungsdatenschutzbeauftragte des Stiftes Herzogenburg ist unter folgenden Kontaktdaten erreichbar<\/strong>:<\/p>\n<p>MMag. H. Petrus Stockinger Can.Reg.<br \/>\nAugustiner-Chorherrenstift Herzogenburg<br \/>\nPrandtauerring 2<br \/>\n3130 Herzogenburg<\/p>\n<p>Tel.: +43 2782 83112<br \/>\nE-Mail: <a href=\"&#x6d;&#97;i&#x6c;&#116;o&#x3a;&#107;o&#x6e;&#116;a&#x6b;&#116;&#64;&#x73;&#116;i&#x66;&#116;-&#x68;&#101;r&#x7a;&#111;g&#x65;&#110;b&#x75;&#114;g&#x2e;&#97;t\" target=\"_blank\" rel=\"noopener noreferrer\">&#x6b;&#x6f;&#x6e;&#x74;&#x61;&#x6b;&#x74;&#x40;&#x73;&#x74;&#x69;&#x66;&#x74;&#x2d;&#104;&#101;&#114;&#122;&#111;&#103;&#101;&#110;&#98;&#117;&#114;g&#46;at<\/a><\/p>\n<p><strong>Der Datenschutzbeauftragte der Superiorenkonferenz \u00d6sterreichs ist unter folgenden Kontaktdaten erreichbar:<\/strong><\/p>\n<p>Mag. Peter Bohynik<br \/>\nB\u00fcro der Ordensgemeinschaften<br \/>\nFreyung 6\/1\/2\/3<br \/>\n1010 Wien[\/vc_column_text][\/vc_column][vc_column width=&#8221;1\/3&#8243;][\/vc_column][\/vc_row]<\/p>\n<\/div>","protected":false},"excerpt":{"rendered":"<p>[vc_row unlock_row_content=&#8221;yes&#8221; row_height_percent=&#8221;0&#8243; back_image=&#8221;605&#8243; overlay_alpha=&#8221;50&#8243; gutter_size=&#8221;3&#8243; column_width_percent=&#8221;100&#8243; shift_y=&#8221;0&#8243; z_index=&#8221;0&#8243; row_height_pixel=&#8221;360&#8243; shape_dividers=&#8221;&#8221;][vc_column width=&#8221;1\/1&#8243;][\/vc_column][\/vc_row][vc_row unlock_row_content=&#8221;yes&#8221; row_height_percent=&#8221;0&#8243; overlay_alpha=&#8221;50&#8243; gutter_size=&#8221;3&#8243; column_width_percent=&#8221;100&#8243; shift_y=&#8221;0&#8243; z_index=&#8221;0&#8243; el_class=&#8221;bluebars&#8221;][vc_column [&hellip;]<\/p>\n","protected":false},"author":1,"featured_media":0,"parent":0,"menu_order":0,"comment_status":"closed","ping_status":"closed","template":"","meta":{"_seopress_robots_primary_cat":"","_seopress_titles_title":"","_seopress_titles_desc":"","_seopress_robots_index":"","footnotes":""},"class_list":["post-1007","page","type-page","status-publish","hentry"],"_links":{"self":[{"href":"https:\/\/www.stift-duernstein.at\/en\/wp-json\/wp\/v2\/pages\/1007","targetHints":{"allow":["GET"]}}],"collection":[{"href":"https:\/\/www.stift-duernstein.at\/en\/wp-json\/wp\/v2\/pages"}],"about":[{"href":"https:\/\/www.stift-duernstein.at\/en\/wp-json\/wp\/v2\/types\/page"}],"author":[{"embeddable":true,"href":"https:\/\/www.stift-duernstein.at\/en\/wp-json\/wp\/v2\/users\/1"}],"replies":[{"embeddable":true,"href":"https:\/\/www.stift-duernstein.at\/en\/wp-json\/wp\/v2\/comments?post=1007"}],"version-history":[{"count":2,"href":"https:\/\/www.stift-duernstein.at\/en\/wp-json\/wp\/v2\/pages\/1007\/revisions"}],"predecessor-version":[{"id":1583,"href":"https:\/\/www.stift-duernstein.at\/en\/wp-json\/wp\/v2\/pages\/1007\/revisions\/1583"}],"wp:attachment":[{"href":"https:\/\/www.stift-duernstein.at\/en\/wp-json\/wp\/v2\/media?parent=1007"}],"curies":[{"name":"wp","href":"https:\/\/api.w.org\/{rel}","templated":true}]}}

<div class="wpb-content-wrapper"><p>[vc_row unlock_row_content=&#8221;yes&#8221; row_height_percent=&#8221;0&#8243; back_image=&#8221;605&#8243; overlay_alpha=&#8221;50&#8243; gutter_size=&#8221;3&#8243; column_width_percent=&#8221;100&#8243; shift_y=&#8221;0&#8243; z_index=&#8221;0&#8243; row_height_pixel=&#8221;360&#8243; shape_dividers=&#8221;&#8221;][vc_column width=&#8221;1/1&#8243;][/vc_column][/vc_row][vc_row unlock_row_content=&#8221;yes&#8221; row_height_percent=&#8221;0&#8243; overlay_alpha=&#8221;50&#8243; gutter_size=&#8221;3&#8243; column_width_percent=&#8221;100&#8243; shift_y=&#8221;0&#8243; z_index=&#8221;0&#8243; el_class=&#8221;bluebars&#8221;][vc_column column_width_percent=&#8221;100&#8243; overlay_alpha=&#8221;50&#8243; gutter_size=&#8221;3&#8243; medium_width=&#8221;0&#8243; mobile_width=&#8221;0&#8243; shift_x=&#8221;0&#8243; shift_y=&#8221;0&#8243; shift_y_down=&#8221;0&#8243; z_index=&#8221;0&#8243; width=&#8221;1/1&#8243;][vc_custom_heading]Discovery of[/vc_custom_heading][vc_custom_heading]the Precious[/vc_custom_heading][/vc_column][/vc_row][vc_row row_height_percent=&#8221;0&#8243; override_padding=&#8221;yes&#8221; h_padding=&#8221;2&#8243; top_padding=&#8221;3&#8243; bottom_padding=&#8221;3&#8243; overlay_alpha=&#8221;50&#8243; gutter_size=&#8221;3&#8243; column_width_percent=&#8221;100&#8243; shift_y=&#8221;0&#8243; z_index=&#8221;0&#8243;][vc_column width=&#8221;2/3&#8243;][vc_column_text]</p>
<h1>Erklärung zur Informationspflicht (Datenschutzerklärung)</h1>
<p>Der Schutz Ihrer persönlichen Daten ist uns ein besonderes Anliegen. Wir verarbeiten Ihre Daten daher ausschließlich auf Grundlage der gesetzlichen Bestimmungen (Datenschutzgrundverordnung 2018, Telekommunikationsgesetz 2003). In dieser Datenschutzerklärung informieren wir Sie über die wichtigsten Aspekte der Datenverarbeitung im Stift Herzogenburg. Das Stift Dürnstein gehört organisatorisch zum Stift Herzogenburg und ist diesem Betrieb eingegliedert.</p>
<h4>Abgrenzung der Zuständigkeit</h4>
<p>Die von den Mitbrüdern des Stiftes Herzogenburg betreuten Pfarren sind (einschließlich der Stiftspfarre) eigenständige Rechtspersonen, welche vom Stift unabhängig sind.  Sie unterliegen dem Zuständigkeitsbereich der jeweiligen Diözese (Diözese St. Pölten / Erzdiözese Wien) und den dort gültigen Richtlinien zum Datenschutz.</p>
<p>Die hier vorliegende Datenschutzerklärung betrifft daher ausschließlich das Stift Herzogenburg in seinen seelsorgerischen, kulturellen und wirtschaftlichen Tätigkeiten.</p>
<h4>Kontakt mit uns</h4>
<p>Wenn Sie mit uns aus seelsorgerischen, kulturellen oder wirtschaftlichen Gründen Kontakt aufnehmen, speichern wir die Kontaktdaten, die Sie uns überlassen, sofern sie zur Erfüllung des Zwecks der Kontaktaufnahme relevant sind. Ihre Angaben werden für den Fall von Anschlussfragen zwölf Monate bei uns gespeichert.</p>
<p>In Bezug auf unseren Newsletter gelten andere Bestimmungen, diese sind weiter unten aufgelistet. In keinem Fall aber geben wir Ihre Daten ohne Ihre Einwilligung weiter.</p>
<p>Im Falle eines Geschäftskontaktes mit dem Stift Herzogenburg (Vermietung, Verpachtung, Errichtung von Vertragsverhältnissen, Verkauf, Kauf, dergleichen) werden sämtliche Daten aus dem Vertragsverhältnis bis zum Ablauf der steuerrechtlichen Aufbewahrungsfrist (7 Jahre nach dem Geschäftskontakt bzw. 7 Jahre nach Ende des Vertragsverhältnisses) gespeichert.</p>
<p>Die Datenverarbeitung erfolgt auf Basis der gesetzlichen Bestimmungen des § 96 Abs 3 TKG sowie des Art 6 Abs 1 lit a (Einwilligung) und/oder f (berechtigtes Interesse) der DSGVO.</p>
<h4>Cookies und Web-Analyse</h4>
<p>Unsere Website verwendet so genannte Cookies. Dabei handelt es sich um kleine Textdateien, die mit Hilfe des Browsers auf Ihrem Endgerät abgelegt werden. Sie richten keinen Schaden an.</p>
<p>Wir nutzen Cookies dazu, unser Angebot nutzerfreundlich zu gestalten. Einige Cookies bleiben auf Ihrem Endgerät gespeichert, bis Sie diese löschen. Sie ermöglichen es uns, Ihren Browser beim nächsten Besuch wiederzuerkennen.</p>
<p>Unsere Website verwendet Funktionen des Webanalysedienstes Google Analytics von Google LCC, Mountain View, California, United States of America. Die Beziehung zum Webanalyseanbieter Google LLC basiert auf dem Abkommen „Privacy Shield“ 2006. Dazu werden Cookies verwendet, die eine Analyse der Benutzung der Website durch Ihre Benutzer ermöglicht. Die dadurch erzeugten Informationen werden auf den Server des Anbieters übertragen und dort gespeichert.</p>
<p>Sie können die Speicherung der Cookies durch eine entsprechende Einstellung Ihrer Browser-Software verhindern; wir weisen Sie jedoch darauf hin, dass Sie in diesem Fall gegebenenfalls nicht sämtliche Funktionen dieser Website vollumfänglich werden nutzen können. Sie können darüber hinaus die Erfassung der durch das Cookie erzeugten und auf Ihre Nutzung der Website bezogenen Daten (inkl. Ihrer IP-Adresse) an Google sowie die Verarbeitung dieser Daten durch Google verhindern, indem Sie das unter dem folgenden Link (<a href="https://tools.google.com/dlpage/gaoptout?hl=de" target="_blank" rel="noopener noreferrer">https://tools.google.com/dlpage/gaoptout?hl=de</a>) verfügbare Browser-Plugin herunterladen und installieren. Alternativ können Sie die Verwendung von Google Analytics für diese Seite auf dem derzeit benutzten Endgerät deaktivieren, indem sie [google_analytics_optout]hier[/google_analytics_optout] klicken.</p>
<p>Wir haben mit dem Anbieter einen entsprechenden Vertrag zur Auftragsdatenverarbeitung abgeschlossen. Nähere Informationen zu Nutzungsbedingungen und Datenschutz finden Sie unter <a href="https://www.google.com/analytics/terms/de.html" target="_blank" rel="noopener noreferrer">https://www.google.com/analytics/terms/de.html</a> bzw. unter <a href="https://policies.google.com/?hl=de" target="_blank" rel="noopener noreferrer">https://policies.google.com/?hl=de</a>.</p>
<p>Ihre IP-Adresse wird erfasst, aber umgehend durch Löschung der letzten 8 Bit mit der Option „anonymizeIP“ pseudonymisiert. Dadurch ist nur mehr eine grobe Lokalisierung möglich. Im Regelfall wird Ihre IP-Adresse von Google innerhalb von Mitgliedstaaten der Europäischen Union oder in anderen Vertragsstaaten des Abkommens über den Europäischen Wirtschaftsraum zuvor gekürzt. Nur in Ausnahmefällen wird die volle IP-Adresse an einen Server von Google in den USA übertragen und dort gekürzt. Die im Rahmen von Google Analytics von Ihrem Browser übermittelte IP-Adresse wird nicht mit anderen Daten von Google zusammengeführt.</p>
<p>Die Datenverarbeitung erfolgt auf Basis der gesetzlichen Bestimmungen des § 96 Abs 3 TKG sowie des Art 6 Abs 1 lit a (Einwilligung) und/oder f (berechtigtes Interesse) der DSGVO. Unser Anliegen im Sinne der DSGVO (berechtigtes Interesse) ist die Verbesserung unseres Angebotes und unseres Webauftritts. Die Nutzerdaten werden für die Dauer von 26 Monaten aufbewahrt.</p>
<h4>Newsletter</h4>
<p>Sie haben die Möglichkeit, über unsere Website oder durch persönliches Hinterlassen der Mailadresse im Stift unseren Newsletter zu abonnieren. Hierfür benötigen wir Ihre E-Mail-Adresse und ihre Erklärung, dass Sie mit dem Bezug des Newsletters einverstanden sind. Dazu speichern wir folgende Informationen: Name, Anrede, IP-Daten.</p>
<p>Um Sie zielgerichtet mit Informationen zu versorgen, erheben und verarbeiten wir außerdem freiwillig gemachte Angaben zu Ihren Interessensgebieten.</p>
<p>Sobald Sie sich für den Newsletter angemeldet haben, senden wir Ihnen ein Bestätigungs-E-Mail mit einem Link zur Bestätigung der Anmeldung.</p>
<p>Zur technischen Umsetzung des Newsletter-Angebots erfolgt einer Übermittlung der Daten an den Newsletter-Anbieter mailchimp.com und basiert auf dem Abkommen „Privacy Shield“ 2006. Nähere Informationen zu Nutzungsbedingungen und Datenschutz finden Sie unter <a href="https://mailchimp.com/legal/privacy" target="_blank" rel="noopener noreferrer">https://mailchimp.com/legal/privacy</a>.</p>
<p>Die Datenverarbeitung erfolgt auf Basis der gesetzlichen Bestimmungen des § 96 Abs 3 TKG sowie des Art 6 Abs 1 lit a (Einwilligung) der DSGVO.</p>
<p>Das Abo des Newsletters können Sie jederzeit stornieren. Nutzen sie dazu die Opt-out-Möglichkeit am Ende jedes Newsletters oder senden Sie Ihre Stornierung bitte an folgende E-Mail-Adresse: <a href="ma&#105;&#108;&#116;&#x6f;&#x3a;&#x6e;&#x65;&#x77;sl&#101;&#116;&#116;&#x65;&#x72;&#x40;&#x73;&#x74;if&#116;&#45;&#104;&#x65;&#x72;&#x7a;&#x6f;&#x67;en&#98;&#117;&#114;&#x67;&#x2e;&#x61;&#x74;" target="_blank" rel="noopener noreferrer">&#x6e;&#x65;&#x77;&#115;&#108;et&#x74;&#x65;&#x72;&#x40;&#115;&#116;if&#x74;&#x2d;&#x68;&#101;&#114;&#122;og&#x65;&#x6e;&#x62;&#117;&#114;g&#46;&#x61;&#x74;</a>. Wir löschen anschließend umgehend Ihre Daten im Zusammenhang mit dem Newsletter-Versand.</p>
<h4>Ihre Rechte</h4>
<p>Ihnen stehen grundsätzlich die Rechte auf Auskunft, Berichtigung, Löschung, Einschränkung, Datenübertragbarkeit, Widerruf und Widerspruch zu. Wenn Sie der Auffassung sind, dass die Verarbeitung Ihrer Daten gegen das Datenschutzrecht verstößt oder Ihre datenschutzrechtlichen Ansprüche in sonst einer Weise verletzt worden sind, bitten wir Sie um Kontaktaufnahme. Sie können sich jedoch auch bei der Aufsichtsbehörde beschweren. In Österreich ist dies die Datenschutzbehörde.</p>
<p><strong>Der Einrichtungsdatenschutzbeauftragte des Stiftes Herzogenburg ist unter folgenden Kontaktdaten erreichbar</strong>:</p>
<p>MMag. H. Petrus Stockinger Can.Reg.<br />
Augustiner-Chorherrenstift Herzogenburg<br />
Prandtauerring 2<br />
3130 Herzogenburg</p>
<p>Tel.: +43 2782 83112<br />
E-Mail: <a href="&#x6d;&#97;i&#x6c;&#116;o&#x3a;&#107;o&#x6e;&#116;a&#x6b;&#116;&#64;&#x73;&#116;i&#x66;&#116;-&#x68;&#101;r&#x7a;&#111;g&#x65;&#110;b&#x75;&#114;g&#x2e;&#97;t" target="_blank" rel="noopener noreferrer">&#x6b;&#x6f;&#x6e;&#x74;&#x61;&#x6b;&#x74;&#x40;&#x73;&#x74;&#x69;&#x66;&#x74;&#x2d;&#104;&#101;&#114;&#122;&#111;&#103;&#101;&#110;&#98;&#117;&#114;g&#46;at</a></p>
<p><strong>Der Datenschutzbeauftragte der Superiorenkonferenz Österreichs ist unter folgenden Kontaktdaten erreichbar:</strong></p>
<p>Mag. Peter Bohynik<br />
Büro der Ordensgemeinschaften<br />
Freyung 6/1/2/3<br />
1010 Wien[/vc_column_text][/vc_column][vc_column width=&#8221;1/3&#8243;][/vc_column][/vc_row]</p>
</div>
