{"id":1274,"date":"2020-02-27T09:50:30","date_gmt":"2020-02-27T08:50:30","guid":{"rendered":"https:\/\/www.stift-duernstein.at\/?page_id=1274"},"modified":"2024-02-01T23:40:04","modified_gmt":"2024-02-01T22:40:04","slug":"celebrations-venue-hire","status":"publish","type":"page","link":"https:\/\/www.stift-duernstein.at\/en\/abbey\/celebrations-venue-hire\/","title":{"rendered":"Celebrations &#038; Venue Hire"},"content":{"rendered":"<div class=\"wpb-content-wrapper\"><p>[vc_row unlock_row_content=&#8221;yes&#8221; row_height_percent=&#8221;0&#8243; back_image=&#8221;1456&#8243; overlay_alpha=&#8221;50&#8243; gutter_size=&#8221;3&#8243; column_width_percent=&#8221;100&#8243; shift_y=&#8221;0&#8243; z_index=&#8221;0&#8243; row_height_pixel=&#8221;360&#8243;][vc_column width=&#8221;1\/1&#8243;][\/vc_column][\/vc_row][vc_row unlock_row_content=&#8221;yes&#8221; row_height_percent=&#8221;0&#8243; overlay_alpha=&#8221;50&#8243; gutter_size=&#8221;3&#8243; column_width_percent=&#8221;100&#8243; shift_y=&#8221;0&#8243; z_index=&#8221;0&#8243; el_class=&#8221;bluebars&#8221;][vc_column column_width_percent=&#8221;100&#8243; gutter_size=&#8221;3&#8243; overlay_alpha=&#8221;50&#8243; shift_x=&#8221;0&#8243; shift_y=&#8221;0&#8243; shift_y_down=&#8221;0&#8243; z_index=&#8221;0&#8243; medium_width=&#8221;0&#8243; mobile_width=&#8221;0&#8243; width=&#8221;1\/1&#8243;][vc_custom_heading]Discovery of[\/vc_custom_heading][vc_custom_heading]the Precious[\/vc_custom_heading][\/vc_column][\/vc_row][vc_row row_height_percent=&#8221;0&#8243; override_padding=&#8221;yes&#8221; h_padding=&#8221;2&#8243; top_padding=&#8221;3&#8243; bottom_padding=&#8221;3&#8243; back_color=&#8221;color-lxmt&#8221; overlay_alpha=&#8221;50&#8243; gutter_size=&#8221;3&#8243; column_width_percent=&#8221;100&#8243; shift_y=&#8221;0&#8243; z_index=&#8221;0&#8243; row_name=&#8221;religioese_feiern&#8221;][vc_column width=&#8221;1\/1&#8243;][vc_column_text]<\/p>\n<h1>Celebrations &amp; Venue Hire<\/h1>\n<p>[\/vc_column_text][vc_column_text]<\/p>\n<h3>Religious Celebrations<\/h3>\n<p>[\/vc_column_text][vc_row_inner][vc_column_inner width=&#8221;2\/3&#8243;][vc_column_text uncode_shortcode_id=&#8221;113892&#8243;]The Abbey Church is particularly beloved as a wedding venue. Couples from all over the world come here to seal the bond of marriage or to celebrate their silver, gold, or even diamond weddings. Many children, too, are welcomed into the community of the faithful here through the sacrament of baptism. Groups of pilgrims also like to use the church for prayers.<\/p>\n<p>The crypt, directly beneath the church, provides a sacred space for smaller celebrations with around 30 seats. Please be aware that the crypt can only be accessed via a number of steps![\/vc_column_text][\/vc_column_inner][vc_column_inner width=&#8221;1\/3&#8243;][vc_column_text]We would be delighted to welcome you to hold your celebration in our Abbey Church! To make an appointment, please contact <a href=\"https:\/\/www.stift-duernstein.at\/en\/contact\/\">Father Hugo Rafael De Vlaminck<\/a>.[\/vc_column_text][\/vc_column_inner][\/vc_row_inner][vc_single_image media=&#8221;1275&#8243; media_lightbox=&#8221;yes&#8221; media_width_percent=&#8221;100&#8243;][vc_row_inner][vc_column_inner width=&#8221;1\/3&#8243;][vc_column_text]<\/p>\n<h4>Baptism<\/h4>\n<p>[\/vc_column_text][vc_column_text]\u2018You are a child of God!\u2019 This is what the candidate is told during the sacrament of baptism. The application for baptism is made in the candidate\u2019s parish of residence, even if the ceremony will take place here. You can find useful information about the requirements for baptism and the celebration of the sacrament here:[\/vc_column_text][vc_column_text uncode_shortcode_id=&#8221;436892&#8243;]<div style=\"display: block;\"><img decoding=\"async\" src=\"https:\/\/www.stift-duernstein.at\/neu2019\/wp-content\/plugins\/wp-downloadmanager\/images\/ext\/pdf.gif\" alt=\"\" title=\"\" style=\"vertical-align: middle;\" \/>&nbsp;&nbsp;<strong><a href=\"https:\/\/www.stift-duernstein.at\/download\/sakramente\/WissenswertesTaufeDuernstein_231231.pdf\" target=\"_blank\">Wissenswertes zur Taufe im Stift D\u00fcrnstein<\/a><\/strong> (232.5 KB)<\/div>[\/vc_column_text][\/vc_column_inner][vc_column_inner width=&#8221;1\/3&#8243;][vc_column_text]<\/p>\n<h4>Weddings<\/h4>\n<p>[\/vc_column_text][vc_column_text uncode_shortcode_id=&#8221;169825&#8243;]We are happy to celebrate your special day with you! We have put together all the key information about your wedding at D\u00fcrnstein Abbey or Loiben parish church in the following document:[\/vc_column_text][vc_column_text uncode_shortcode_id=&#8221;130794&#8243;]<div style=\"display: block;\"><img decoding=\"async\" src=\"https:\/\/www.stift-duernstein.at\/neu2019\/wp-content\/plugins\/wp-downloadmanager\/images\/ext\/pdf.gif\" alt=\"\" title=\"\" style=\"vertical-align: middle;\" \/>&nbsp;&nbsp;<strong><a href=\"https:\/\/www.stift-duernstein.at\/download\/sakramente\/TRAUUNGSMAPPE_250412.pdf\" target=\"_blank\">Trauungen im Stift D\u00fcrnstein<\/a><\/strong> (625.9 KB)<\/div><br \/>\n<em>(only in German available)<\/em>[\/vc_column_text][\/vc_column_inner][vc_column_inner width=&#8221;1\/3&#8243;][vc_column_text]<\/p>\n<h4>Wedding Anniversaries<\/h4>\n<p>[\/vc_column_text][vc_column_text]A wedding anniversary is a very special celebration. There is a wide range of individual possibilities: for example, you might celebrate your anniversary as part of a Sunday Mass, or on a separate occasion.[\/vc_column_text][\/vc_column_inner][\/vc_row_inner][\/vc_column][\/vc_row][vc_row row_height_percent=&#8221;0&#8243; override_padding=&#8221;yes&#8221; h_padding=&#8221;2&#8243; top_padding=&#8221;3&#8243; bottom_padding=&#8221;3&#8243; overlay_alpha=&#8221;50&#8243; gutter_size=&#8221;3&#8243; column_width_percent=&#8221;100&#8243; shift_y=&#8221;0&#8243; z_index=&#8221;0&#8243; row_name=&#8221;vermietung&#8221;][vc_column width=&#8221;1\/1&#8243;][vc_column_text]<\/p>\n<h3>Venue Hire<\/h3>\n<p>[\/vc_column_text][vc_column_text uncode_shortcode_id=&#8221;704481&#8243;]Concerts, meetings, conferences and exhibitions can also be hosted on the premises of the Abbey. D\u00fcrnstein Abbey has an imposing Festival Hall offering a splendid view of the Danube and the Wachau Valley. The ceiling fresco was painted by the baroque artist Martin Johann Schmidt, known as \u2018Kremser Schmidt\u2019. The hall can accommodate a maximum of 120 guests (with theatre seating). The spacious corridor leading to the Festival Hall can be used for standing receptions with catering on a modest scale.<\/p>\n<p>Directly adjacent are the two Art Society Rooms. Each can accommodate around 50 people with theatre seating. All rooms are located on the first floor and can be accessed via elevator.[\/vc_column_text][vc_column_text uncode_shortcode_id=&#8221;171831&#8243;]<div style=\"display: block;\"><img decoding=\"async\" src=\"https:\/\/www.stift-duernstein.at\/neu2019\/wp-content\/plugins\/wp-downloadmanager\/images\/ext\/pdf.gif\" alt=\"\" title=\"\" style=\"vertical-align: middle;\" \/>&nbsp;&nbsp;<strong><a href=\"https:\/\/www.stift-duernstein.at\/download\/allgemein\/Veranstaltungsbereich_Stift_Drnstein_2026.pdf\" target=\"_blank\">\u00dcberblick \u00fcber den Veranstaltungsbereich im Stift D\u00fcrnstein<\/a><\/strong> (617.9 KB)<\/div><br \/>\n<em>(only in German available)<\/em>[\/vc_column_text][vc_column_text uncode_shortcode_id=&#8221;688027&#8243;]If you are interested, please contact <a href=\"https:\/\/www.stift-duernstein.at\/en\/contact\/\">Elisabeth Glatzenberger<\/a>.[\/vc_column_text][\/vc_column][\/vc_row][vc_row unlock_row_content=&#8221;yes&#8221; row_height_percent=&#8221;0&#8243; overlay_alpha=&#8221;50&#8243; gutter_size=&#8221;3&#8243; column_width_percent=&#8221;100&#8243; shift_y=&#8221;0&#8243; z_index=&#8221;0&#8243; el_class=&#8221;bluebars left&#8221;][vc_column column_width_percent=&#8221;100&#8243; gutter_size=&#8221;3&#8243; overlay_alpha=&#8221;50&#8243; shift_x=&#8221;0&#8243; shift_y=&#8221;0&#8243; shift_y_down=&#8221;0&#8243; z_index=&#8221;0&#8243; medium_width=&#8221;0&#8243; mobile_width=&#8221;0&#8243; width=&#8221;1\/1&#8243;][vc_custom_heading]We look forward[\/vc_custom_heading][vc_custom_heading]to welcoming you![\/vc_custom_heading][\/vc_column][\/vc_row][vc_row row_height_percent=&#8221;50&#8243; back_image=&#8221;1277&#8243; overlay_alpha=&#8221;50&#8243; gutter_size=&#8221;3&#8243; column_width_percent=&#8221;100&#8243; shift_y=&#8221;0&#8243; z_index=&#8221;0&#8243; row_height_pixel=&#8221;360&#8243;][vc_column width=&#8221;1\/1&#8243;][\/vc_column][\/vc_row]<\/p>\n<\/div>","protected":false},"excerpt":{"rendered":"<p>[vc_row unlock_row_content=&#8221;yes&#8221; row_height_percent=&#8221;0&#8243; back_image=&#8221;1456&#8243; overlay_alpha=&#8221;50&#8243; gutter_size=&#8221;3&#8243; column_width_percent=&#8221;100&#8243; shift_y=&#8221;0&#8243; z_index=&#8221;0&#8243; row_height_pixel=&#8221;360&#8243;][vc_column width=&#8221;1\/1&#8243;][\/vc_column][\/vc_row][vc_row unlock_row_content=&#8221;yes&#8221; row_height_percent=&#8221;0&#8243; overlay_alpha=&#8221;50&#8243; gutter_size=&#8221;3&#8243; column_width_percent=&#8221;100&#8243; shift_y=&#8221;0&#8243; z_index=&#8221;0&#8243; el_class=&#8221;bluebars&#8221;][vc_column column_width_percent=&#8221;100&#8243; [&hellip;]<\/p>\n","protected":false},"author":2,"featured_media":0,"parent":1558,"menu_order":-8,"comment_status":"closed","ping_status":"closed","template":"","meta":{"_seopress_robots_primary_cat":"","_seopress_titles_title":"","_seopress_titles_desc":"","_seopress_robots_index":"","footnotes":""},"class_list":["post-1274","page","type-page","status-publish","hentry"],"_links":{"self":[{"href":"https:\/\/www.stift-duernstein.at\/en\/wp-json\/wp\/v2\/pages\/1274","targetHints":{"allow":["GET"]}}],"collection":[{"href":"https:\/\/www.stift-duernstein.at\/en\/wp-json\/wp\/v2\/pages"}],"about":[{"href":"https:\/\/www.stift-duernstein.at\/en\/wp-json\/wp\/v2\/types\/page"}],"author":[{"embeddable":true,"href":"https:\/\/www.stift-duernstein.at\/en\/wp-json\/wp\/v2\/users\/2"}],"replies":[{"embeddable":true,"href":"https:\/\/www.stift-duernstein.at\/en\/wp-json\/wp\/v2\/comments?post=1274"}],"version-history":[{"count":15,"href":"https:\/\/www.stift-duernstein.at\/en\/wp-json\/wp\/v2\/pages\/1274\/revisions"}],"predecessor-version":[{"id":2530,"href":"https:\/\/www.stift-duernstein.at\/en\/wp-json\/wp\/v2\/pages\/1274\/revisions\/2530"}],"up":[{"embeddable":true,"href":"https:\/\/www.stift-duernstein.at\/en\/wp-json\/wp\/v2\/pages\/1558"}],"wp:attachment":[{"href":"https:\/\/www.stift-duernstein.at\/en\/wp-json\/wp\/v2\/media?parent=1274"}],"curies":[{"name":"wp","href":"https:\/\/api.w.org\/{rel}","templated":true}]}}

<div class="wpb-content-wrapper"><p>[vc_row unlock_row_content=&#8221;yes&#8221; row_height_percent=&#8221;0&#8243; back_image=&#8221;1456&#8243; overlay_alpha=&#8221;50&#8243; gutter_size=&#8221;3&#8243; column_width_percent=&#8221;100&#8243; shift_y=&#8221;0&#8243; z_index=&#8221;0&#8243; row_height_pixel=&#8221;360&#8243;][vc_column width=&#8221;1/1&#8243;][/vc_column][/vc_row][vc_row unlock_row_content=&#8221;yes&#8221; row_height_percent=&#8221;0&#8243; overlay_alpha=&#8221;50&#8243; gutter_size=&#8221;3&#8243; column_width_percent=&#8221;100&#8243; shift_y=&#8221;0&#8243; z_index=&#8221;0&#8243; el_class=&#8221;bluebars&#8221;][vc_column column_width_percent=&#8221;100&#8243; gutter_size=&#8221;3&#8243; overlay_alpha=&#8221;50&#8243; shift_x=&#8221;0&#8243; shift_y=&#8221;0&#8243; shift_y_down=&#8221;0&#8243; z_index=&#8221;0&#8243; medium_width=&#8221;0&#8243; mobile_width=&#8221;0&#8243; width=&#8221;1/1&#8243;][vc_custom_heading]Discovery of[/vc_custom_heading][vc_custom_heading]the Precious[/vc_custom_heading][/vc_column][/vc_row][vc_row row_height_percent=&#8221;0&#8243; override_padding=&#8221;yes&#8221; h_padding=&#8221;2&#8243; top_padding=&#8221;3&#8243; bottom_padding=&#8221;3&#8243; back_color=&#8221;color-lxmt&#8221; overlay_alpha=&#8221;50&#8243; gutter_size=&#8221;3&#8243; column_width_percent=&#8221;100&#8243; shift_y=&#8221;0&#8243; z_index=&#8221;0&#8243; row_name=&#8221;religioese_feiern&#8221;][vc_column width=&#8221;1/1&#8243;][vc_column_text]</p>
<h1>Celebrations &amp; Venue Hire</h1>
<p>[/vc_column_text][vc_column_text]</p>
<h3>Religious Celebrations</h3>
<p>[/vc_column_text][vc_row_inner][vc_column_inner width=&#8221;2/3&#8243;][vc_column_text uncode_shortcode_id=&#8221;113892&#8243;]The Abbey Church is particularly beloved as a wedding venue. Couples from all over the world come here to seal the bond of marriage or to celebrate their silver, gold, or even diamond weddings. Many children, too, are welcomed into the community of the faithful here through the sacrament of baptism. Groups of pilgrims also like to use the church for prayers.</p>
<p>The crypt, directly beneath the church, provides a sacred space for smaller celebrations with around 30 seats. Please be aware that the crypt can only be accessed via a number of steps![/vc_column_text][/vc_column_inner][vc_column_inner width=&#8221;1/3&#8243;][vc_column_text]We would be delighted to welcome you to hold your celebration in our Abbey Church! To make an appointment, please contact <a href="https://www.stift-duernstein.at/en/contact/">Father Hugo Rafael De Vlaminck</a>.[/vc_column_text][/vc_column_inner][/vc_row_inner][vc_single_image media=&#8221;1275&#8243; media_lightbox=&#8221;yes&#8221; media_width_percent=&#8221;100&#8243;][vc_row_inner][vc_column_inner width=&#8221;1/3&#8243;][vc_column_text]</p>
<h4>Baptism</h4>
<p>[/vc_column_text][vc_column_text]‘You are a child of God!’ This is what the candidate is told during the sacrament of baptism. The application for baptism is made in the candidate’s parish of residence, even if the ceremony will take place here. You can find useful information about the requirements for baptism and the celebration of the sacrament here:[/vc_column_text][vc_column_text uncode_shortcode_id=&#8221;436892&#8243;]<div style="display: block;"><img decoding="async" src="https://www.stift-duernstein.at/neu2019/wp-content/plugins/wp-downloadmanager/images/ext/pdf.gif" alt="" title="" style="vertical-align: middle;" />&nbsp;&nbsp;<strong><a href="https://www.stift-duernstein.at/download/sakramente/WissenswertesTaufeDuernstein_231231.pdf" target="_blank">Wissenswertes zur Taufe im Stift Dürnstein</a></strong> (232.5 KB)</div>[/vc_column_text][/vc_column_inner][vc_column_inner width=&#8221;1/3&#8243;][vc_column_text]</p>
<h4>Weddings</h4>
<p>[/vc_column_text][vc_column_text uncode_shortcode_id=&#8221;169825&#8243;]We are happy to celebrate your special day with you! We have put together all the key information about your wedding at Dürnstein Abbey or Loiben parish church in the following document:[/vc_column_text][vc_column_text uncode_shortcode_id=&#8221;130794&#8243;]<div style="display: block;"><img decoding="async" src="https://www.stift-duernstein.at/neu2019/wp-content/plugins/wp-downloadmanager/images/ext/pdf.gif" alt="" title="" style="vertical-align: middle;" />&nbsp;&nbsp;<strong><a href="https://www.stift-duernstein.at/download/sakramente/TRAUUNGSMAPPE_250412.pdf" target="_blank">Trauungen im Stift Dürnstein</a></strong> (625.9 KB)</div><br />
<em>(only in German available)</em>[/vc_column_text][/vc_column_inner][vc_column_inner width=&#8221;1/3&#8243;][vc_column_text]</p>
<h4>Wedding Anniversaries</h4>
<p>[/vc_column_text][vc_column_text]A wedding anniversary is a very special celebration. There is a wide range of individual possibilities: for example, you might celebrate your anniversary as part of a Sunday Mass, or on a separate occasion.[/vc_column_text][/vc_column_inner][/vc_row_inner][/vc_column][/vc_row][vc_row row_height_percent=&#8221;0&#8243; override_padding=&#8221;yes&#8221; h_padding=&#8221;2&#8243; top_padding=&#8221;3&#8243; bottom_padding=&#8221;3&#8243; overlay_alpha=&#8221;50&#8243; gutter_size=&#8221;3&#8243; column_width_percent=&#8221;100&#8243; shift_y=&#8221;0&#8243; z_index=&#8221;0&#8243; row_name=&#8221;vermietung&#8221;][vc_column width=&#8221;1/1&#8243;][vc_column_text]</p>
<h3>Venue Hire</h3>
<p>[/vc_column_text][vc_column_text uncode_shortcode_id=&#8221;704481&#8243;]Concerts, meetings, conferences and exhibitions can also be hosted on the premises of the Abbey. Dürnstein Abbey has an imposing Festival Hall offering a splendid view of the Danube and the Wachau Valley. The ceiling fresco was painted by the baroque artist Martin Johann Schmidt, known as ‘Kremser Schmidt’. The hall can accommodate a maximum of 120 guests (with theatre seating). The spacious corridor leading to the Festival Hall can be used for standing receptions with catering on a modest scale.</p>
<p>Directly adjacent are the two Art Society Rooms. Each can accommodate around 50 people with theatre seating. All rooms are located on the first floor and can be accessed via elevator.[/vc_column_text][vc_column_text uncode_shortcode_id=&#8221;171831&#8243;]<div style="display: block;"><img decoding="async" src="https://www.stift-duernstein.at/neu2019/wp-content/plugins/wp-downloadmanager/images/ext/pdf.gif" alt="" title="" style="vertical-align: middle;" />&nbsp;&nbsp;<strong><a href="https://www.stift-duernstein.at/download/allgemein/Veranstaltungsbereich_Stift_Drnstein_2026.pdf" target="_blank">Überblick über den Veranstaltungsbereich im Stift Dürnstein</a></strong> (617.9 KB)</div><br />
<em>(only in German available)</em>[/vc_column_text][vc_column_text uncode_shortcode_id=&#8221;688027&#8243;]If you are interested, please contact <a href="https://www.stift-duernstein.at/en/contact/">Elisabeth Glatzenberger</a>.[/vc_column_text][/vc_column][/vc_row][vc_row unlock_row_content=&#8221;yes&#8221; row_height_percent=&#8221;0&#8243; overlay_alpha=&#8221;50&#8243; gutter_size=&#8221;3&#8243; column_width_percent=&#8221;100&#8243; shift_y=&#8221;0&#8243; z_index=&#8221;0&#8243; el_class=&#8221;bluebars left&#8221;][vc_column column_width_percent=&#8221;100&#8243; gutter_size=&#8221;3&#8243; overlay_alpha=&#8221;50&#8243; shift_x=&#8221;0&#8243; shift_y=&#8221;0&#8243; shift_y_down=&#8221;0&#8243; z_index=&#8221;0&#8243; medium_width=&#8221;0&#8243; mobile_width=&#8221;0&#8243; width=&#8221;1/1&#8243;][vc_custom_heading]We look forward[/vc_custom_heading][vc_custom_heading]to welcoming you![/vc_custom_heading][/vc_column][/vc_row][vc_row row_height_percent=&#8221;50&#8243; back_image=&#8221;1277&#8243; overlay_alpha=&#8221;50&#8243; gutter_size=&#8221;3&#8243; column_width_percent=&#8221;100&#8243; shift_y=&#8221;0&#8243; z_index=&#8221;0&#8243; row_height_pixel=&#8221;360&#8243;][vc_column width=&#8221;1/1&#8243;][/vc_column][/vc_row]</p>
</div>
